7*v + 152 = -y*v. Suppose -38 - v = -4*a. What is the highest common divisor of 171 and a?
19
Suppose 2*m - 89 = x, 3*m - 4*x + 31 = 4*m. Calculate the highest common divisor of 172 and m.
43
Suppose -5*j + 5*p + 1310 = 0, 5*j = -3*p + 632 + 694. Suppose -2*q = q - j. Calculate the highest common divisor of q and 11.
11
Let i(f) = 28*f - 4. Let x be (20/16)/1*4. Let t be i(x). What is the greatest common divisor of t and 17?
17
Suppose 2*j = -0*j + 5*a - 8, -5*j - 47 = a. Let q be (-16)/6*j/2. Calculate the greatest common divisor of 84 and q.
12
Let l(z) = -z - 4. Suppose -1 = 2*r + 11. Let j be l(r). What is the greatest common factor of j and 18?
2
Let y(n) = -n - 1. Let m be y(-4). Let z = m + 5. Let v be 52 - -8 - (-12)/(-3). What is the highest common factor of z and v?
8
Suppose 12 = 4*i, i = 2*m + 2*m - 9. Suppose -2*v = m*v - 25. Calculate the greatest common factor of 50 and v.
5
Suppose 2*a - 48 = -5*b, 4*a = -2*b + 6*b - 16. Suppose -4*c + 3*i + 244 = 0, -c + 0*i - 4*i + 80 = 0. What is the highest common divisor of b and c?
8
Let g be (1 - -2)*(1 - 0). Let n(m) = 2 + 5*m - 2*m + 0 + 2*m**3 - 5*m**2. Let s be n(g). Calculate the greatest common divisor of s and 5.
5
Suppose 5*q = -3*x + 8, -5*x + 5*q - 36 = q. Let c = 0 + x. Let z be (-5)/(15/12)*c. Calculate the greatest common factor of z and 24.
8
Suppose 0 = -o - 2 - 2, 5*c - 1488 = 2*o. Let f = c - 176. Calculate the greatest common divisor of f and 15.
15
Suppose -2*k = -7*k + 10. Let q be (1/k)/((-2)/(-328)). Let o = q - 58. What is the greatest common factor of o and 3?
3
Suppose 2*u - 35 = -4*x + 7*u, 0 = 2*x - 3*u - 19. Suppose 293 = 3*w + w + x*y, 4*w - 5*y - 283 = 0. Calculate the highest common factor of 9 and w.
9
Suppose 2*t - 3*l = 1, -l = -5*l + 4. Suppose t*r = 3*d - 17, -6*d + 2*d + 20 = -2*r. Let a = r - -6. What is the highest common divisor of a and 1?
1
Let y(p) = 2*p + 41. Let n be y(-12). What is the greatest common factor of 68 and n?
17
Let u(t) = 13*t + 3. Let l be u(4). Let w(b) = 3*b**2 + b + 1. Let z be w(-2). What is the highest common divisor of l and z?
11
Suppose -4*w + 10 + 10 = 4*b, 3*b - 2*w = -5. Let g be b/(3/(-6)) - -23. Calculate the greatest common factor of 7 and g.
7
Let t(q) = -3*q - 1. Let u be t(-2). Suppose 1 = -o, -2*o - 111 = 4*x - 761. Suppose 0 = -u*n + x + 242. What is the greatest common divisor of 9 and n?
9
Let w(c) = -c**3 - 2*c**2 + c + 4. Let g be w(-3). Suppose -6*a + g = -a. Let h(o) = 23*o + 2. Let s be h(a). Calculate the highest common divisor of s and 6.
6
Let g(s) = -s**2 + s + 1. Let q be g(1). Let x be -2*q*(-1 + -1). Suppose -16 = -2*w - y - y, 0 = -w + 2*y + 2. Calculate the highest common factor of w and x.
2
Let j = -92 - -110. Calculate the highest common factor of j and 6.
6
Let g be 2/(-3) + 70/15. Suppose 5*i - g - 14 = -3*r, -4*i + 2*r = -32. What is the greatest common divisor of i and 12?
6
Let q(b) = -b**2 + 0*b - 4 - 6*b + 0*b. Let d be q(-4). Suppose -9 = w - d*w. Calculate the highest common factor of 1 and w.
1
Suppose 0 = 5*j + 4*k + 846 + 1347, 0 = j + k + 439. Let x = j + 837. Suppose -3*h - 2*h = -x. Calculate the highest common factor of h and 8.
8
Let m be (18/(-24))/(2/24). Let z be (m/(-6) + -1)*10. Suppose 0 = -4*a - 3*x + 59, -3*x - 2*x + 75 = z*a. What is the highest common factor of a and 70?
14
Let y be 29 - (-1)/3*0. Suppose -5*w + y = 4. Suppose 3*m = r - w, 2*r - 5*m - 27 = -r. Calculate the highest common factor of r and 21.
7
Let o(w) = -10*w**2 - w + 1. Let g be o(1). Let x(l) = l**2 - 10*l - 3. Let q be x(7). Let d = g - q. Calculate the highest common divisor of d and 35.
7
Let r be (-2)/(-12) + 2571/18. What is the greatest common factor of 11 and r?
11
Suppose -3*a + 6*a - 12 = 0. Let z(q) = -q. Let x be z(-3). Suppose 0 = 5*f, 4*c + x*f + 2*f = 128. Calculate the highest common divisor of c and a.
4
Let c = 84 + -27. Suppose 5*x + 5*h = 80, -7 - c = -4*x - h. Let y be (-2 + -1)*4/(-3). What is the highest common divisor of x and y?
4
Let x(l) = 3*l - 37. Let r be x(14). Let d(w) = 2*w**2 - 3*w - 4. Let y be d(3). What is the highest common factor of y and r?
5
Suppose 3*d + d = -3*f + 23, -15 = -3*d. Let r = -24 + 35. Calculate the greatest common divisor of f and r.
1
Suppose 4*x = 2*y - 0*y + 40, 0 = -2*y + 8. Calculate the highest common factor of 6 and x.
6
Let h(g) = -g**3 - 2*g**2 - g + 14. Let v be h(0). Calculate the highest common factor of v and 28.
14
Let y be (-36)/(-3)*(-4)/(-6). Let r(i) = i**2 - 9*i - 2. Let k be r(9). Let g be -3 - (-60 + (k - -3)). What is the greatest common divisor of y and g?
8
Let c = 14 - 2. Let f be (-1)/2 + (-11)/(-2). Suppose f*b = 3*b + 36. What is the highest common divisor of b and c?
6
Suppose a = -1, 4*f + 4*a - 219 = -a. Calculate the greatest common divisor of 7 and f.
7
Let z be (12/15)/(0 + 4/110). Let u be (6/8)/((-2)/(-528)). Calculate the highest common factor of z and u.
22
Let w(a) = -a - 7. Let l be w(-3). Let m be (-33)/l - (-1)/(-4). Suppose 541 - 189 = 4*x. What is the greatest common factor of x and m?
8
Let z(y) = -y**2 + 9. Let n be z(0). Let v be (-1346)/(-4) + 15/30. Suppose 5*g - v = 113. Calculate the highest common factor of n and g.
9
Let k = -10 - -398. Let h = k + -252. Let o be (-31)/(-2) - ((-231)/14)/11. Calculate the greatest common divisor of h and o.
17
Let r be (-2 + -3 + 3)/(-1). Let j = 22 + r. What is the highest common factor of 16 and j?
8
Suppose -2*t - 2*t + 52 = 0. Suppose t = q - 15. Let d = 135 + -65. Calculate the greatest common factor of q and d.
14
Suppose 0 = b - 2*b + 2. Let j be (-4 - -1) + b*8. Calculate the greatest common factor of j and 91.
13
Let h be (4 + -20)*6/(-8). Calculate the greatest common factor of h and 8.
4
Let j be 3*((-14)/(-6) - 1). Let t(c) = -c**3 - 14*c**2 - 15*c + 2. Let d be t(-13). What is the highest common factor of j and d?
4
Let b(n) = -12*n**3 - 4*n**2. Let l be b(-3). Suppose 2*f = -f + l. What is the highest common divisor of f and 12?
12
Suppose -w + 3*l = -15, 3*w + w + 2*l = -10. Suppose w*h - 110 = 5*h. Let t be (-560)/(-55) + 4/h. Calculate the highest common factor of 20 and t.
10
Suppose -9 = -8*h + 5*h. Suppose -h*b + 335 = 4*y, 75 = y - 2*b + b. Let m = -13 - -33. What is the highest common factor of m and y?
20
Let o(d) = d + 5. Let j be o(0). Let t be 2 + 1 + j - 2. Calculate the greatest common divisor of 4 and t.
2
Let a be (30/(-25))/(2/(-5)). Suppose -8*i + a*i = -675. What is the highest common divisor of 54 and i?
27
Suppose -3*a + 7 = -0*h - h, 5*h = -3*a + 1. Let t(r) = r**2 - 6*r + 2. Let m be t(6). What is the greatest common factor of m and a?
2
Let k(v) = 4*v**2 + 2*v. Let w be k(4). Let a(q) = 2*q**3 - 4*q**2. Let l be a(3). Suppose l = -n + 2*n. Calculate the highest common factor of w and n.
18
Suppose 4*f - 2 = -2*b, 0 = -5*b - 4*f + 12 + 11. Suppose b*r = 9*r - 16. Let y = -1 - -2. Calculate the greatest common divisor of r and y.
1
Suppose 13 = -4*v - 5*z + 50, 5*v - 3*z = 0. Suppose -6*j = -v*j - 3. Calculate the highest common factor of j and 3.
1
Let o be (-234)/(-12)*4/3. Calculate the greatest common factor of 39 and o.
13
Suppose 2*i + z - 4 = -0*z, 0 = 5*i - 3*z - 32. What is the highest common factor of 2 and i?
2
Let r(x) = x**3 - 4*x**2 - 3*x - 7. Let y be r(5). Suppose 155 = y*b - 5*z, b + 4*b + 3*z - 315 = 0. What is the greatest common factor of b and 90?
30
Let m = -25 + 37. What is the greatest common divisor of 12 and m?
12
Suppose 12 - 42 = -3*u - 3*y, -2*u - 4*y + 24 = 0. Calculate the greatest common factor of 88 and u.
8
Let i(l) = -l + 17. Let p be i(13). What is the greatest common factor of 36 and p?
4
Suppose 10 = -0*z + z - 3*x, -3*z = -5*x - 38. Calculate the highest common factor of 40 and z.
8
Suppose -2*q = 3*q + 20. Let t be q/12 - (-362)/6. What is the greatest common factor of 15 and t?
15
Suppose -2*m + 96 = 2*m. What is the highest common factor of 6 and m?
6
Suppose 2*x = v + 89, 130 = 3*x + 3*v - v. Suppose -2*f + 28 = 5*p, 3*p - 4*f + 8 = p. What is the greatest common factor of p and x?
4
Suppose 8*n = 3*n. Suppose 0 = -4*s - 0*s - 3*p + 52, 3*s + 4*p - 32 = n. What is the highest common divisor of 32 and s?
16
Suppose 173 = 4*a - 19. Suppose 3*r + 5 - 20 = 0. Suppose -r*w + 5*v